, -4*x = 3*k - 189201. Is k composite?
False
Suppose -3*x + o = 2*o + 52, 0 = -o + 2. Let j be ((-6)/(-4))/((-9)/x). Suppose j*v + 2*v = 3455. Is v composite?
False
Let r = -92 - -95. Suppose l - 3 = r. Suppose -g - l*a + 2*a + 111 = 0, -4*g - 2*a = -500. Is g a composite number?
False
Let p = 381 - 377. Suppose z + 4*n - 6434 = 0, p*z + 12759 = -n + 38525. Is z a composite number?
True
Let y be 12/(-8) + (-49)/2. Let u be ((-2)/((-8)/(-9)))/(y/1872). Is u + (2 - (6 + -5)) a prime number?
True
Let o(v) = 20*v**2 + 11*v - 10. Suppose -8*s - 81 = -17*s. Is o(s) prime?
True
Let w(q) = 4*q**3 - 6*q - 1. Suppose -3*g + 6 = -g + 3*o, 3*g - 2*o - 9 = 0. Is w(g) composite?
False
Is -3 + (-5983552)/(-31 - -15) composite?
False
Suppose -72*s - 69*s + 146*s - 192785 = 0. Is s composite?
False
Let o be 2 - (-3 + 3 + -25)*394. Suppose 0*u + o = 6*u. Is u composite?
True
Let v = 88820 + -26874. Suppose -2*k - v - 127667 = -3*t, 4*k = -2*t + 126398. Is t a prime number?
False
Let m = -616284 - -883447. Is m composite?
True
Let n = 186 + -328. Let o = 2063 + n. Is o a prime number?
False
Let q be 8/(-18) - (-13)/9. Let t(p) = 6*p**3 - 3 - 2*p**2 + 3*p**3 + 0*p**2 + q. Is t(3) prime?
True
Let z(g) = -2*g**2 + 15*g - 19. Let b be z(5). Suppose -b*m + m + 20166 = -y, 0 = -m - y + 4032. Is m composite?
True
Let h be (8/18)/((-14)/(-63)). Suppose 3*v + h*v = 5*k - 5, -4*k + 31 = 5*v. Suppose -4061 = -v*u + 4. Is u a composite number?
True
Let s(j) = 1998*j - 1075*j + 55 - 1025*j. Is s(-6) a composite number?
True
Suppose -1285 = -3*r - p, -8*r - 3*p + 423 = -7*r. Let d = 848 - r. Is d a prime number?
True
Let v(i) = -i**3 + 9*i**2 - 9*i + 2. Suppose -f = -9 + 2. Suppose 5*k - f = 2*z + 22, -4*k - 4*z + 40 = 0. Is v(k) a prime number?
True
Let u(p) be the second derivative of -5*p**4/4 - 2*p**3/3 - p**2 - 23*p. Let a be u(5). Is -3*(2 + a/3) prime?
False
Is -7 - ((-9 - 86953) + -4) a composite number?
False
Suppose 3*v - 2*m + 9673 = 0, -7*v + 6*v - m - 3221 = 0. Is -3 - (v - 0 - 3) a prime number?
False
Let k(b) = -114*b + 73. Let o(v) = v**2 - 12*v + 13. Let m be o(10). Is k(m) prime?
False
Let y = 40003 - -151092. Is y a prime number?
False
Suppose -4*d - 3*j = -889307, 5*j - 45 = -60. Is d a composite number?
False
Let v = 18145 - 26889. Let x = v - -20502. Is x prime?
False
Let s be 13/65 - 45411/5. Let y = 18979 + s. Is y composite?
True
Is (-19595961)/(-99) - (2 + -1 + -1) a prime number?
False
Let v = 2669 - 1477. Suppose 3754 = q - c, 3*q - 2*c = 10071 + v. Suppose 8*o - 3341 = q. Is o a prime number?
True
Let a(v) = -v**3 - 10*v**2 - 13*v - 30. Let x be a(-9). Suppose -4*q - 5*h + 6959 = 0, 2*q - 3477 = -x*h + h. Is q a prime number?
True
Let w = 1342927 - 581638. Is w composite?
True
Let c = -1740979 - -2885506. Is c a composite number?
True
Is (3386884/(-6))/(416/(-39) + 10) prime?
True
Let p(i) = -2*i**3 - 33*i**2 + 29 + 451*i - 2*i**3 - 460*i. Is p(-15) composite?
True
Suppose w + 5*n + 3 = 0, -2*n + 6 + 20 = -3*w. Is 2402*(-4)/w + -6 a prime number?
False
Suppose 7*a - 12 = 11*a. Is (1277/a)/(2/(-6)) prime?
True
Let h = -25101 - -35332. Is h a composite number?
True
Let v be (-14)/2 + ((-11596)/(-42) - 310/3255). Suppose -5*a + 21 = -z, -5*a + 41 = 4*z - 0*z. Suppose z*m - 167 - v = 0. Is m prime?
True
Let y be 4*2*(544/4 + -3). Let n be -1 + 2 - -178 - 4. Let o = y - n. Is o prime?
False
Suppose -20*x = 441076 - 1992816. Is x a composite number?
False
Suppose 0 = 5*d + 4*q - 22917, d - 3*d + 2*q = -9156. Let n = d + -312. Is n prime?
False
Is (203323185/(-260))/((-12)/16) composite?
True
Let z(y) = -y**2 + 23*y + 24. Let c be z(24). Suppose c = -5*u + 2*h - 9555 + 46974, 37417 = 5*u - h. Is u a prime number?
False
Suppose -5*p = 4 - 9. Is 11746/8 + p + 66/(-264) composite?
True
Suppose -548*n + 140708634 + 369029187 = 91807265. Is n prime?
True
Suppose 0 = -k - 11*i + 225001, k - 40565 = 3*i + 184464. Is k a composite number?
False
Suppose 3*j - 7 + 19 = 0. Is 3 + -2 - (-45864)/((-16)/j) a prime number?
True
Suppose 19*y - 19 = 19. Suppose 5*q + 5*p = 7*p + 1435, 0 = 3*q + y*p - 877. Is q prime?
False
Suppose -2*p - u + 9 + 8 = 0, -2*p + 2*u + 2 = 0. Suppose -p*h = -5999 - 3823. Is h composite?
False
Suppose 3*u - 30246 - 66228 = -6*x, 10 = 5*u. Is x composite?
True
Let q(x) = -2*x**3 + 11*x**2 - 30*x + 19. Let k be q(12). Is (-26 + 28)/((-2)/k) composite?
False
Suppose -2163 = 2*d + 3*h, -2*d = -6*d - 3*h - 4329. Let j = d + 2394. Suppose z = -x + j, 0*x - 2 = x. Is z prime?
False
Suppose -44*t + 1351351 = -7*t. Is t a composite number?
False
Let d(h) = -12860*h - 19. Suppose 693*g + 1 = 692*g. Is d(g) a prime number?
True
Suppose 3*r = b - 76613, b - 10*r = -13*r + 76613. Is b composite?
True
Let f(g) = g. Let l(z) = 19*z - 173. Let q(p) = 6*f(p) - l(p). Is q(-6) composite?
False
Suppose -3*t + 3 = -2*k, -5*k = -0*t + 3*t - 3. Suppose -4*v + 6*n = 3*n - 11711, k = 4*v - 5*n - 11713. Is v prime?
True
Let g be 3/6*1380/6. Let f = g - -16. Is f a composite number?
False
Let b(a) = -a**2 - 5*a + 12. Let f be b(-7). Is (f/(-3))/(58/47589) prime?
True
Let v(f) = f**3 - 12*f**2 - 3*f - 11. Suppose -7*q = -2*q - 75. Is v(q) prime?
True
Suppose -2*y = -247668 + 54414. Suppose 2*s = 33*s - y. Is s a composite number?
True
Let p(u) = 35*u**3 - 20*u**2 + 39*u + 101. Is p(18) a prime number?
False
Let b = -35 + 35. Let t be 3 - -9 - (-2)/4*b. Is (3032/(-32))/((-1)/t) composite?
True
Is 16/24 + (-5)/3 + -32 + 32032 a composite number?
True
Suppose 2*m - 1 = -2*p + 9, 2*p + 4*m = 14. Suppose 0*k = 2*k - 556. Suppose -2*x + p*y + k = 0, -3*y = -6*y + 12. Is x a prime number?
False
Let i(p) = -p**3 + 2*p**2 + 3*p - 1. Let z be i(4). Suppose -128 - 268 = -2*n. Let m = n - z. Is m prime?
False
Let b(z) = 25*z**3 + 7*z**2 + z + 1. Let a be b(3). Let o = a + -29. Is o composite?
True
Let o be (2 + -344 - -1)/(6 + -7). Let k = 50 + o. Is k composite?
True
Suppose 4*s - s = -g - 21865, 65625 = -3*g + s. Is g/(-2 - (-4 + 4)) prime?
True
Let f = 52198 + -32849. Is f a composite number?
True
Let v(y) = -2*y**2 + 57*y + 29. Let c be v(29). Is (70 + -69)*(-2161)/(c - 1) a composite number?
False
Suppose -130 = z + 12*z. Let y(f) = -f**3 - 13*f**2 - 33*f + 1. Is y(z) composite?
False
Let x be -8 - -7 - -5 - (706 - -3). Is x/50*-2434 + (-4)/10 composite?
False
Suppose 60*c - 140 = 9*c + 13. Let o(x) = 1369*x**3 + x**2 + x - 1. Let d be o(1). Suppose -y + 3*s = -1172, c*y + 3*s - d = 2206. Is y a composite number?
False
Let x(g) = -1207*g - 7. Suppose 5*c + 6 = -3*h - 0*h, -c + 4 = -2*h. Let o be x(h). Suppose -10*z = -1323 - o. Is z a prime number?
True
Suppose -21 = -9*f + 15. Let k(a) = 687*a**2 + 7*a - 5. Is k(f) composite?
True
Let f = 160122 - -56707. Is f a prime number?
True
Suppose 5*m = 3*g - 8996, -5*g - 3*m = -2*g - 8988. Suppose t = 10*t - g. Suppose 2*q = 5*q - t. Is q a composite number?
True
Suppose 3*r - 9 = 2*r + 2*n, 5*n + 10 = 0. Suppose -r*i + 19183 = -5742. Is i composite?
True
Let l = 33763 + 990. Is l prime?
False
Let z be 3*(-141)/81 + (-6)/(-27). Let y(j) = 113*j + 12. Let c(s) = 113*s + 12. Let a(d) = 4*c(d) - 5*y(d). Is a(z) composite?
True
Let o = 180 + -176. Suppose o*f = 19*f - 407505. Is f a prime number?
False
Let g(c) be the first derivative of 37*c**6/90 - c**5/120 + 17*c**3/3 + 5. Let w(n) be the third derivative of g(n). Is w(-1) composite?
False
Let l(r) = 3*r**2 - r + 3. Let j = 56 + -79. Let o = j + 30. Is l(o) prime?
False
Let n(o) be the first derivative of 23*o**2/2 - 42*o + 19. Is n(11) a prime number?
True
Suppose -5*z - 10824 + 28954 = 0. Let n = 7626 - z. Is (-7)/((-35)/n) - 3 a composite number?
False
Let q = -122340 - -175853. Is q a prime number?
False
Let w = 16 - -1. Let y = -7 + w. Is 40/25 + -2 + 14694/y composite?
True
Let v = 25046 + 25883. Is v composite?
False
Let k = 642 + -448. Suppose -188*i = -k*i + 24690. Is i a prime number?
False
Let v = 355061 + -200832. Is v a composite number?
False
Suppose -3666917 = -154*v + 40890057. Is v a prime number?
False
Let k be (20/25)/((-1)/(-10)). Is -4 + 87824/k + -1 a prime number?
True
Let s = -3035027 - -4907826. Is s a prime number?
True
Suppose 4*d + 459638 = 5*f - 386961, -3*f + 5*d + 507975 = 0. Is f a prime number?
False
Let s(u) = -1 - 9*u + 20*u - u**3 - 6*u + 0*u**